 6. Let h be b(8). Let d(w) = 8*w**3 - w**2 + w. Let y be d(h). Suppose -4*s - y = -6*s. Is s a prime number?
True
Suppose v = 3*v. Suppose 3*m = -a - 2*a + 1479, v = -5*a + 4*m + 2420. Let q = a - 237. Is q a prime number?
True
Let t = -965 + 1745. Let l = -277 + t. Is l prime?
True
Suppose -16*n + 21*n = -8125. Is n/(-3) + 2/(-3) a composite number?
False
Suppose 9*p - 4*w - 37827 = 4*p, -4*p - 3*w = -30243. Is p prime?
False
Let i = 1655 + 7736. Is i a composite number?
False
Is (11 + (-62)/6)/((-4)/(-40038)) composite?
False
Let t = 15 - 10. Let c(y) = 141*y - 20. Is c(t) composite?
True
Suppose 18*d = 19*d - 1189. Is d prime?
False
Let h be (22/4)/(-2*(-2)/8). Let y = 8 + h. Is y a composite number?
False
Let a = -4532 - -10155. Is a a composite number?
False
Let d = -1 - -9. Let v be ((-118)/(-4))/(4/d). Let a = 8 + v. Is a a composite number?
False
Suppose -7*l - 7 = 21. Is -5 + (-16)/l + 452 prime?
False
Let r = 19581 + -9828. Is r a composite number?
True
Let a be 843/(-6)*84/(-7). Let n = 2403 - a. Is n composite?
True
Suppose 0*l = -2*l - 2*n + 4, 4*l = 3*n + 29. Let u be l/15 + (-8)/(-3). Is 106 - (-1)/(-1)*u composite?
False
Suppose 3*w - 1167 = 2*p, 0 = w - 2*p - 39 - 354. Suppose -d + 217 = -w. Suppose -f - 655 = -5*b, -51 = -5*b - 4*f + d. Is b prime?
True
Let y(j) = -78*j**2 - 2. Let s(d) = -d**2 + d - 1. Let o(g) = 3*s(g) - y(g). Suppose -8 = -a - 3*w, -2*a + 5*w - 8 + 2 = 0. Is o(a) a prime number?
False
Suppose 3*x - 5*a + 2 = -6, 0 = -2*x + 4*a - 8. Let w = 149 - x. Let m = 212 - w. Is m a composite number?
False
Let z(b) = -36*b + 3. Let m be z(-1). Is -3 - (m/(-1) - -1) composite?
True
Let s(v) = -187*v + 160. Is s(-27) a prime number?
True
Let p(n) = n**2 - 11*n + 5*n + 0 + 0 + 5. Let k be p(6). Suppose 611 + 444 = k*w. Is w a prime number?
True
Let x = 11705 + 15444. Is x a prime number?
False
Let t be (-1 - (-7702)/6) + (-1)/(-3). Suppose g = 4*w + 1293, g + 4*w - 3*w = t. Is g a composite number?
True
Suppose -3579 = -2*p + 4231. Suppose -5*u + 0*u + p = 0. Is u composite?
True
Let f(c) = 1086*c + 13. Is f(3) a prime number?
True
Let y = 309 - 170. Let p = 1492 + y. Is p prime?
False
Suppose 0 = 4*t - 2*d - 23588, 5*d = t - 2815 - 3082. Is t composite?
False
Suppose 3*q + 23 = 3*f + f, 5*f - 31 = 3*q. Suppose -2*i = 2*g - 888, -3*g + f*i - 3*i = -1340. Is g a prime number?
False
Let n = -61 - -57. Is 179/((4/24)/((-2)/n)) prime?
False
Let r = -2142 + 6337. Is r prime?
False
Suppose 24 = 39*b - 36*b. Is ((-389)/(-2))/(b/16) a composite number?
False
Is 110/(-550) - (-6)/(-5)*-1116 prime?
False
Let s be 1/(-3) - -1*16/3. Suppose -2*z - s*v + 446 = 0, -2*z + 669 = z - 3*v. Is z a composite number?
False
Suppose -2*a = 2*c - 20648, 16*a - 10299 = -c + 20*a. Is c prime?
False
Suppose -4*w - 2039 = -5*b, -4*w + 12 + 4 = 0. Is b a composite number?
True
Suppose a - 15 = -4*f, 0 = -f - 2*f + a + 6. Suppose f*b + 5 = -5*n, 0 = b + n + 1 - 2. Suppose -2*k + 326 = 4*v, -b*v - 309 - 491 = -5*k. Is k prime?
False
Let g(c) = 3*c**2 - 2*c + 1. Let o(s) = s**3 - 6*s**2 - s + 7. Let t be o(6). Let u be g(t). Is (97/(-4))/(u/(-40)) composite?
True
Suppose 123*w + 71951 = 134*w. Is w a composite number?
True
Let n(g) = g**2 - 36 - 63 + 2. Let c be n(0). Is -4*c/10*5 a composite number?
True
Let k(g) = 15 - 3 - 5 - 8 + 9*g. Let l be (-1)/(((-4)/(-2))/(-14)). Is k(l) a prime number?
False
Is 2 + (-56)/22 + (-5113280)/(-2090) a prime number?
False
Let y = 5917 - 2246. Is y a prime number?
True
Let i = 4234 + 83. Is i a composite number?
True
Suppose 3*d = 5*h, -34 - 1 = -5*h - 4*d. Let l be 3/(3/(-2)) + 567. Suppose 4*n - 4*p = 5*n - l, -n - h*p = -562. Is n a composite number?
True
Is ((-51)/15)/((-4)/1510)*2 a prime number?
False
Let c = -4 - -6. Suppose c*i + 5 = 2*n - 7, -38 = 5*i - n. Is (5072/64)/((-2)/i) a composite number?
False
Let f = -214 - -1361. Is f composite?
True
Let a(g) = 11727*g + 4. Let l be a(1). Suppose 5*r = 5, -q - 4*r + l = 2*q. Is q a composite number?
True
Suppose -5*a + 2962 = -5*v - 503, 2*a - 3*v = 1390. Is a prime?
False
Suppose 2 + 83 = 5*y. Suppose 13*x - y*x = -2212. Is x a prime number?
False
Suppose 4*s + 793 - 15941 = 0. Is s a composite number?
True
Suppose 7 = 2*a + 3*a - 4*m, 5*m - 22 = -4*a. Suppose 0 = 3*s - j - 109, -2*j - 5 = a. Is s a prime number?
False
Suppose -7*p - 2*p = -342. Is (4 - 5)/((-2)/p) prime?
True
Let i(m) = 16*m**3 + 5*m**2 + 6*m + 6. Let t be i(-4). Suppose 0 = -v - 8*v - 14751. Let l = t - v. Is l prime?
True
Suppose -5*n = -19632 - 7273. Is n a composite number?
False
Let c(t) = 51*t**3 - 2*t**2 + 3*t + 1. Let v be (2/(-7))/(11/(-77)). Is c(v) a composite number?
True
Suppose 371204 + 39121 = 75*u. Is u prime?
True
Suppose 196 + 1985 = 3*g. Suppose -u = -g + 50. Is u prime?
True
Suppose 10*c - 12*c + 2294 = 0. Let o = c - 498. Is o composite?
True
Let g = 17 + -32. Let m = g + 25. Is 2*1 - (m + -405) composite?
False
Suppose -3*k = -2*k - 4. Suppose 2939 = 5*c - k*s, 4*c - 1055 = s + 1294. Is c prime?
True
Let j(p) = -1485*p - 18. Let i be j(3). Let k = i + 7044. Is k composite?
True
Let n(l) = 5*l - 1. Let q = -15 - -10. Let b be n(q). Let t = b - -84. Is t composite?
True
Suppose 6*d + 143 = 7*d. Is d prime?
False
Let j(q) = 3*q - 15. Let w be j(9). Let g(s) = 7*s**3 - 3 - 4*s**3 + 4*s**2 - 11*s + w*s. Is g(4) composite?
False
Let w(q) = 428*q + 5. Let a be w(3). Suppose 5*f - 1106 = a. Is f a composite number?
False
Let p(a) = 5*a + 3. Let n be p(-1). Is (-844)/n*9/6 a prime number?
False
Suppose -2276 = -11*n + 914. Is (4 - n/3)*27/(-6) prime?
False
Let z = 17601 + -9706. Is z a prime number?
False
Suppose -4*i + 2376 = -4*n, -4*i - 2*n + 2390 = n. Suppose 4*m + 1 = 5, 0 = -3*y + m + i. Is y a prime number?
True
Let l(d) = -14*d - 20 - d**2 + 7*d**2 - 4*d**2 + 11*d**2. Is l(-9) prime?
False
Suppose -4*v = -2*g - 6844, -v = v + g - 3422. Is v composite?
True
Let y = 1052 + -565. Suppose 0 = q + 4*c - y, c + 1 = 3. Is q prime?
True
Is (9 - 973881/(-15)) + 2/(-5) prime?
False
Let a be 2 - -17 - (1 + 0). Suppose -g + 5 = -2*g + 5*j, 4*j = -2*g + a. Suppose 4*i - g*p - 1243 = 0, -i - 2*p - p = -298. Is i composite?
False
Suppose -8*m + 5*m = -1119. Is m a prime number?
True
Let o(u) = 5*u**2 + 12*u - 5. Let q be o(-4). Suppose 5*c - 3894 + q = -f, -f + 3863 = 4*c. Is f prime?
True
Let f = -6145 + 2836. Is -2*3/18*f prime?
True
Let o(v) = 42*v**2 + 10*v + 1. Is o(7) prime?
True
Suppose -104316 + 300683 = 17*c. Is c a composite number?
False
Let j = 1560 - 2787. Let g = j + 1760. Is g prime?
False
Suppose -4*m + 210 + 442 = 0. Let x = 320 - m. Is x prime?
True
Suppose 23617 - 1401 = 8*c. Is c a composite number?
False
Let b(h) = 9*h + 41. Let r be b(-5). Is (-1)/(-5) + r/5*-741 composite?
False
Is -1*(-188 + (1 - 4)) a prime number?
True
Suppose 2*t + 4863 = 3*d, -d + 3*t - 30 + 1651 = 0. Suppose 2*b - 2185 = d. Suppose -b - 42 = -5*y. Is y prime?
True
Let s(c) = -13860*c**3 + 2*c**2 + c - 2. Is s(-1) a composite number?
False
Suppose 4*a - 15 = 5. Suppose -a*x = 786 - 3021. Is x a composite number?
True
Let z = -3714 + 8172. Suppose 4*m + 4*b = 4448, 0*b = 4*m + 2*b - z. Is m a prime number?
True
Suppose -c - 5*c + 18 = 0. Suppose -4*l = 3*x - 3995, 5*l = -c*x + 2724 + 2266. Is l a prime number?
False
Let s(j) = 178*j + 1. Let a(n) = -182*n - 5. Let f(x) = -x - 1. Let b(k) = -a(k) + 4*f(k). Let g(t) = -5*b(t) + 6*s(t). Is g(1) a composite number?
False
Suppose c = 5*o - 38, -5*o + 34 = -o - 2*c. Suppose -3*q + 15 = -0*q. Is (-99 + q)*o/(-2) a composite number?
True
Let i(m) be the third derivative of 0*m - 3*m**2 + 13/6*m**3 + 0 - 131/12*m**4. Is i(-3) prime?
False
Suppose 2*w = 2*k + 4, k = -2*k - 5*w + 34. Suppose 6 = -2*a, 581 = -k*c + 2*a + 2570. Let o = c + -208. Is o a prime number?
False
Suppose 5845 = 5*a - m, -5*a + 4705 = -a + 5*m. Let s = a + -521. Is s a composite number?
True
Let d(v) = -621*v**3 + 2*v**2 - 4*v - 3. Is d(-2) prime?
False
Suppose -17254 = -4*d + 3*d - j, 4*d - 5*j - 69043 = 0. Is d a prime number?
True
Let f = -7 - -13. Let o = f - 1. Suppose o*k = k + 212. Is k composite?
False
Suppose 3*o - 6*v + 11*v = 12229, 4*v + 12238 = 3*o. Is o a prime number?
False
Let i be (-285)/(-6)*(29 + -1). Let d be (10/(-20))/(1/i). Let v = d + 1072. Is v a comp